z) = 2*z**2 - 57*z + 222. Let h be n(24). What is the greatest common factor of h and q?
2
Suppose 26 = -42*u + 68*u. Suppose -3*w + 2 = -1. Calculate the greatest common factor of w and u.
1
Let p be (-210)/(-1)*5/((-15)/(-4)). Let l = -147 + p. Calculate the highest common factor of l and 7.
7
Let p be -9*(2/6 - (-2)/(-3)). Let q(s) = s**2 + 2. Let r be q(-2). Suppose p*l + r = 15. What is the greatest common divisor of l and 2?
1
Suppose -25 = -9*t - 7. Suppose t = -3*k + 122. Let f = k + -30. What is the greatest common divisor of 10 and f?
10
Suppose -56*a - 10 = -58*a. Calculate the greatest common divisor of 305 and a.
5
Let q be ((-5)/((-100)/24))/(24/1120). Calculate the highest common factor of q and 140.
28
Let b = -51 + 52. What is the highest common factor of 19 and b?
1
Suppose -3 = -7*j + 4*j. Suppose 2*n + 3*s - j = -0, 4*n - 3*s - 11 = 0. Let t = 15 - 11. Calculate the highest common factor of n and t.
2
Let b be (4/(-6))/((-12)/1674). Suppose y - 2*v = 2*v + 42, 4*v - 330 = -5*y. Calculate the greatest common divisor of b and y.
31
Suppose 19 = -2*m + 115. Let d be (-21)/6*-2*(-36)/(-21). What is the highest common divisor of m and d?
12
Let p(l) = -6*l**3 - 6 + 8*l**3 - 3*l**3 - 14*l - 12*l**2. Let d be p(-11). What is the greatest common factor of d and 9?
9
Suppose 2*d = -3*d - 60. Let x = d - -48. Calculate the highest common divisor of 18 and x.
18
Let v be ((-18)/10 - 2)/((-16)/80). Calculate the greatest common divisor of 1 and v.
1
Suppose v + 3*f = 269, -3*v + 831 = -0*v + f. Suppose 2*y - v = 6*q - 4*q, -5*q - 407 = -3*y. Calculate the highest common divisor of 18 and y.
18
Suppose 0 = 5*p - 472 - 73. Let c = 145 - p. Calculate the highest common factor of c and 36.
36
Suppose -56 = -10*j + 8*j. Suppose 0 = -2*i + 2*m - 1 + 11, i - 9 = -m. Calculate the greatest common factor of i and j.
7
Let t = -4 - -10. Let o be (42/(-8))/(t/(-16)). Let k(x) = 131*x - 1385. Let i be k(11). What is the greatest common divisor of i and o?
14
Let d(k) = 6*k**2 - 7*k + 10. Let j be d(3). Calculate the highest common divisor of 387 and j.
43
Suppose 3*z = -2*s - s - 9, 3*z = 2*s - 9. Let m = 12 - z. Suppose 10*o = m*o - 110. What is the highest common factor of 2 and o?
2
Suppose -10*v = -436 + 156. Let p = 28 + 0. What is the highest common divisor of p and v?
28
Let c(n) = 2*n + 4. Let q be 8/(-2)*4/(-8). Let d be c(q). Suppose 0*t = 4*t - 16. What is the highest common factor of d and t?
4
Let c = 53 - 51. Suppose 105 = -5*k - p, -7 = p - 2. Let h be (c/10 - 1)*k. Calculate the highest common divisor of 16 and h.
16
Suppose 4*m - 288 = m. Suppose 0 = -3*o + 4*x + 5, -x - 3*x = o - 7. Suppose 4*r - 3*z - 51 = -2*z, o*z + 9 = 0. What is the highest common factor of r and m?
12
Let r be 33 + 3/(2 + -3). Suppose -2*c + r = c. Suppose 2*n + 72 - 212 = 0. Calculate the highest common divisor of n and c.
10
Suppose -1207*k = -1190*k - 6664. What is the highest common divisor of k and 8?
8
Let n(r) = r**3 - 6*r**2 + 7*r + 6. Let w be n(4). What is the highest common divisor of w and 12?
2
Let l(o) = -52*o - 7. Let t(a) = 25*a + 3. Let k(s) = 6*l(s) + 13*t(s). Let j be k(3). Calculate the greatest common divisor of j and 9.
9
Let y be 4 + -2 + 210/(-7). Let m = y + 35. Suppose -3*n - 33 + 96 = 0. What is the greatest common factor of m and n?
7
Suppose d = -0*d + 5. Suppose d*g + 0*g - 3*k - 150 = 0, -3*g = -k - 90. Calculate the highest common factor of 20 and g.
10
Let i be (424/14 - 4) + (-4)/14. Suppose 0 = a - 4*a + 312. What is the greatest common factor of a and i?
26
Let q be ((-2)/(-4))/(1/24). Let g be -36*((-16)/(-6) + -3). Calculate the highest common divisor of q and g.
12
Let p(j) = -j**2 - 5*j - 6. Let q be p(-5). Let x(k) = -3*k + 24. Let z be x(q). Let r be (28/z)/((-2)/(-54)). What is the highest common divisor of r and 45?
9
Let z(k) = k**3 - 4*k**2 - 6*k + 7. Let r be z(5). Let m be -18*r*(-1)/3. Calculate the greatest common factor of 84 and m.
12
Suppose -5 = -n + 8. Suppose 3*m + 4*m - 35 = 0. Suppose -m = -5*g, 5*q - g = 4*q + 103. What is the highest common factor of q and n?
13
Suppose y - 7*y = 120. Let q be 12 + 4/y*0. What is the highest common divisor of q and 132?
12
Let u = 836 + -804. What is the greatest common factor of 8 and u?
8
Let j be (1/(-2))/((-2)/72). Let g = -28 - -29. Let x be 4 + 40 - g/(-1). Calculate the highest common divisor of j and x.
9
Suppose -3*m + 5814 = 35*m. Calculate the highest common factor of m and 9.
9
Let w = 80 - 87. Let u(i) = 2*i**2 - 2*i - 12. Let a be u(w). What is the greatest common factor of a and 40?
20
Let g be ((-6978)/(-12))/((-2)/(-4)). Suppose 4*q + 274 = -5*k + g, 3*q + k - 664 = 0. Calculate the greatest common factor of 17 and q.
17
Let f be (-20 - -56)*(-4)/(-6). What is the highest common factor of f and 30?
6
Suppose -150 = -2*m + 5*m. Let c be 20/m - (-12)/5. Suppose 6 = c*a, a - 3*a + 11 = 5*i. Calculate the highest common divisor of i and 4.
1
Suppose u - 4 = -3. Let v be (27 - -114) + (1 - u*-2). Let b = 29 - 11. What is the greatest common divisor of b and v?
18
Suppose -2*j + 978 = -4*q, -15*j + 2403 = -10*j + 4*q. What is the greatest common divisor of j and 84?
21
Let a = -164 - -174. Calculate the highest common factor of 120 and a.
10
Suppose -o + 16 + 77 = -3*w, -4*o - w = -359. Let v = o + -30. Let u = -482 + 502. Calculate the highest common divisor of v and u.
20
Suppose 3*v - v = 2*t + 72, 4*v = 5*t + 182. Let d = t - -78. Calculate the highest common divisor of 20 and d.
20
Let b be (-1148)/(-123)*((-22)/(-4) + -1). What is the greatest common factor of 189 and b?
21
Suppose -34*v - 570 = -44*v. Calculate the highest common factor of v and 133.
19
Let s = 49 - 34. Let c(a) = -16 - 23 - 96*a + 90*a. Let n be c(-7). Calculate the greatest common divisor of s and n.
3
Let c be (16 + 72/(-4))/(2/(-51)). Calculate the greatest common factor of 204 and c.
51
Suppose 0 = -10*i + 9*i + 1, -5*m = -4*i - 6. Calculate the greatest common divisor of m and 282.
2
Let c be (4/(-9))/(203/(-63) + 3). What is the highest common divisor of c and 32?
2
Suppose 7*p - 1671 = 1360. Let u = 733 - p. What is the highest common factor of 12 and u?
12
Suppose -4*m - 5*s = -8, -4*s - 3 + 7 = 2*m. Suppose -m*y + 40 = -32. Suppose 0 = 2*p, -4*o = -3*p - 80 - 16. Calculate the highest common divisor of o and y.
12
Suppose -k + 4*j = -56, -2*k - 5*j + 21 + 26 = 0. Calculate the highest common divisor of 18 and k.
18
Suppose -3*d + 4*s + 12 = -s, -5*d + 4*s + 20 = 0. Let f be -8 + d + (2 - -37). Calculate the greatest common divisor of 21 and f.
7
Let q(p) = 3*p**2 - 2*p - 7. Let h be q(3). Suppose -5*j + 46 = -h. Let c = 27 - j. Calculate the greatest common divisor of 45 and c.
15
Let n = 413 - 350. Calculate the greatest common divisor of 91 and n.
7
Let f = -3 + 12. Suppose 57 = f*w - 6*w. Let t(p) = p**2 - 11*p + 26. Let x be t(12). Calculate the greatest common factor of x and w.
19
Let c be ((-54)/(-45))/((-2)/(-1500)). What is the highest common divisor of 12 and c?
12
Let l be 3*(-8)/12*2. Let u = l + 9. Let v be 2/u - (-2184)/65. What is the highest common divisor of 51 and v?
17
Let c(w) = 4*w + 17. Let p be c(7). Suppose -3*u = -3, -4*u = 2*m - 3*u - p. What is the highest common divisor of m and 55?
11
Let z(d) = 2*d**2 + 23*d + 9. Let y be z(-11). Let k be (-6)/(y*15/80). Calculate the highest common factor of k and 2.
2
Let b(m) be the second derivative of m**4/6 - 7*m**3/3 - 12*m**2 - 7*m. Let x be b(12). Calculate the highest common divisor of x and 12.
12
Let q = -777 + 1157. Calculate the highest common factor of 40 and q.
20
Suppose 5*c - 2628 = -3*i, 4*c + i - 1283 = 825. Calculate the highest common divisor of 128 and c.
16
Let f = -152 - -679. What is the greatest common divisor of 17 and f?
17
Let a = 1199 - 883. What is the highest common factor of 12 and a?
4
Let b(h) = 8*h + 126. Let f be b(36). What is the highest common factor of 18 and f?
18
Suppose -f = 5*b - 29, 0*f - 4 = 4*f. Let h be -2*((-9735)/b)/5. Suppose h = 3*j - 47. Calculate the greatest common divisor of 29 and j.
29
Let y(q) = -6*q + 57. Let h be y(-8). What is the highest common factor of 42 and h?
21
Suppose 0 = 7*j - 4672 + 1578. Calculate the greatest common divisor of j